{"id":230640,"date":"2024-07-03T15:57:51","date_gmt":"2024-07-03T13:57:51","guid":{"rendered":"https:\/\/www.idr-freiburg.de\/content\/kontakt-anmeldung\/onlinetermin\/"},"modified":"2026-02-01T19:02:58","modified_gmt":"2026-02-01T18:02:58","slug":"onlinetermin","status":"publish","type":"page","link":"https:\/\/www.idr-freiburg.de\/content\/kontakt-anmeldung\/onlinetermin\/","title":{"rendered":"OnlineTermin"},"content":{"rendered":"<p>[et_pb_section fb_built=&#8220;1&#8243; _builder_version=&#8220;4.26.0&#8243; _module_preset=&#8220;default&#8220; use_background_color_gradient=&#8220;on&#8220; background_color_gradient_stops=&#8220;#d8d8d8 0%|rgba(255,255,255,0) 100%&#8220; global_colors_info=&#8220;{}&#8220;][et_pb_row column_structure=&#8220;2_5,3_5&#8243; use_custom_gutter=&#8220;on&#8220; gutter_width=&#8220;2&#8243; _builder_version=&#8220;4.27.0&#8243; _module_preset=&#8220;default&#8220; global_colors_info=&#8220;{}&#8220;][et_pb_column type=&#8220;2_5&#8243; _builder_version=&#8220;4.26.0&#8243; _module_preset=&#8220;default&#8220; global_colors_info=&#8220;{}&#8220;][et_pb_text content_phone=&#8220;<\/p>\n<h2 style=%22text-align: center;%22>Telefonische Sprechzeiten<\/h2>\n<p>&#8220; content_last_edited=&#8220;off|desktop&#8220; admin_label=&#8220;Headline \/ Online-Terminbuchung&#8220; _builder_version=&#8220;4.27.0&#8243; text_font=&#8220;||||||||&#8220; link_font=&#8220;||||||||&#8220; ul_font=&#8220;||||||||&#8220; ol_font=&#8220;||||||||&#8220; quote_font=&#8220;||||||||&#8220; header_font=&#8220;|||on|||||&#8220; header_text_color=&#8220;#FFFFFF&#8220; header_2_font=&#8220;|600|||||||&#8220; header_2_text_align=&#8220;left&#8220; header_2_text_color=&#8220;#FFFFFF&#8220; header_2_font_size=&#8220;32px&#8220; background_color=&#8220;rgba(102,102,102,0.6)&#8220; background_layout=&#8220;dark&#8220; custom_margin=&#8220;18px||||false|false&#8220; custom_margin_last_edited=&#8220;off|desktop&#8220; custom_padding=&#8220;10px||10px|30px|false|false&#8220; custom_padding_tablet=&#8220;&#8220; custom_padding_phone=&#8220;10px|||20px|false|false&#8220; custom_padding_last_edited=&#8220;on|desktop&#8220; header_2_text_align_tablet=&#8220;&#8220; header_2_text_align_phone=&#8220;&#8220; header_2_text_align_last_edited=&#8220;on|phone&#8220; header_2_font_size_tablet=&#8220;&#8220; header_2_font_size_phone=&#8220;30px&#8220; header_2_font_size_last_edited=&#8220;on|phone&#8220; locked=&#8220;off&#8220; global_colors_info=&#8220;{%22gcid-0ed248c1-eb15-4424-954a-cbcb8467f2ad%22:%91%93,%22gcid-96b88229-da64-4f14-afa5-f3d47a8141ef%22:%91%93}&#8220;]<\/p>\n<h2 style=\"text-align: left;\">Online-Terminbuchung<\/h2>\n<p>f\u00fcr gesetzlich versicherte Patient*innen<\/p>\n<p>[\/et_pb_text][et_pb_text _builder_version=&#8220;4.27.5&#8243; _module_preset=&#8220;default&#8220; text_text_color=&#8220;#000000&#8243; text_line_height=&#8220;1.5em&#8220; custom_padding=&#8220;15px||||false|false&#8220; global_colors_info=&#8220;{}&#8220;]<\/p>\n<p><strong>Hinweis \u2013 Achten Sie bitte auf Ihren Versicherungsstatus:<\/strong><\/p>\n<ul>\n<li>Kasse: alle gesetzlichen Krankenkassen (GKV)<\/li>\n<li>Privat: Privatversicherte, Selbstzahler (z.B. IGeL) oder BG-F\u00e4lle<\/li>\n<\/ul>\n<p>Wenn Sie einen Termin als Privatpatient, Selbstzahler oder im Rahmen eines BG-Falls online buchen, erfolgt die Abrechnung privat\u00e4rztlich. Dies gilt auch dann, wenn am Untersuchungstag ein kassen\u00e4rztlicher \u00dcberweisungsschein (GKV) vorgelegt wird.<\/p>\n<p>Wenn Sie die von Ihnen gew\u00fcnschte Untersuchung nicht finden, kontaktieren Sie uns bitte telefonisch oder \u00fcber das E-Mail Kontaktformular.<\/p>\n<p>[\/et_pb_text][et_pb_text disabled_on=&#8220;on|on|on&#8220; admin_label=&#8220;Text \/ Telefon-Tabelle&#8220; _builder_version=&#8220;4.27.0&#8243; _module_preset=&#8220;default&#8220; text_text_color=&#8220;#000000&#8243; text_line_height=&#8220;1.5em&#8220; header_6_text_color=&#8220;#666666&#8243; header_6_font_size=&#8220;80%&#8220; text_orientation=&#8220;center&#8220; custom_padding=&#8220;5px||||false|false&#8220; disabled=&#8220;on&#8220; global_colors_info=&#8220;{}&#8220;]<\/p>\n<table style=\"width: 100%; padding: 0px; border: solid 1px #333333;\">\n<tbody>\n<tr>\n<td style=\"padding: 2px;\"><b>Praxis Freiburg<\/b><\/td>\n<td style=\"padding: 2px;\">0761 \/ 38565-14<\/td>\n<td style=\"padding: 2px; text-align: right;\"><a href=\"mailto:praxis@idr-freiburg.de\">per E-Mail<\/a><\/td>\n<\/tr>\n<tr>\n<td style=\"padding: 2px;\"><b>Praxis Bad Krozingen<\/b><\/td>\n<td style=\"padding: 2px;\">07633 \/ 806919-9<\/td>\n<td style=\"padding: 2px; text-align: right;\"><a href=\"mailto:krozingen@idr-freiburg.de\">per E-Mail<\/a><\/td>\n<\/tr>\n<\/tbody>\n<\/table>\n<p>oder via Kontakt-Formular<\/p>\n<p>[\/et_pb_text][et_pb_button button_url=&#8220;https:\/\/www.idr-freiburg.de\/content\/kontakt-anmeldung\/#kontaktformular&#8220; button_text=&#8220;E-Mail Kontaktformular&#8220; disabled_on=&#8220;on|on|on&#8220; admin_label=&#8220;Button \/ Standard-Kontaktformular&#8220; _builder_version=&#8220;4.27.0&#8243; _module_preset=&#8220;default&#8220; disabled=&#8220;on&#8220; global_colors_info=&#8220;{}&#8220;][\/et_pb_button][dsm_button button_one_text=&#8220;E-Mail Kontaktformular&#8220; button_one_url=&#8220;https:\/\/www.idr-freiburg.de\/content\/kontakt-anmeldung\/#kontaktformular&#8220; button_two_text=&#8220;Telefonische Anmeldung&#8220; button_two_url=&#8220;https:\/\/www.idr-freiburg.de\/content\/kontakt-anmeldung\/#telefondurchwahl&#8220; _builder_version=&#8220;4.27.5&#8243; _module_preset=&#8220;default&#8220; global_colors_info=&#8220;{}&#8220;][\/dsm_button][\/et_pb_column][et_pb_column type=&#8220;3_5&#8243; _builder_version=&#8220;4.26.0&#8243; _module_preset=&#8220;default&#8220; global_colors_info=&#8220;{}&#8220;][et_pb_code admin_label=&#8220;Code Medavis iFrame&#8220; _builder_version=&#8220;4.26.0&#8243; _module_preset=&#8220;default&#8220; global_colors_info=&#8220;{}&#8220;]<iframe loading=\"lazy\" src=\"https:\/\/connect2.booking4med.de\/b4m-patient\/searchStage?customerCodeMapping=630a1ee3e6a5441fb1a87c3dbd18d6d5\" width=\"100%\"  height=\"650\" marginwidth=\"0\" marginheight=\"0\" scrolling=\"yes\" frameborder=\"0\" style=\"width:100%; height:650px; margin:0; padding:0; border:0; overflow-x:hidden; overflow-y:scroll; max-width:100%;\"><!-- [et_pb_line_break_holder] --><!-- Your booking4med patient portal iframe was embedded at 2024-07-03T14:59:05.590600400, version is 7.6.17.4--><!-- [et_pb_line_break_holder] -->Ihre Browser-Software kann diese Seite nicht Korrekt darstellen. <!-- [et_pb_line_break_holder] -->Bitte buchen Sie Ihren Termin unter folgendem Link:<!-- [et_pb_line_break_holder] --><a href=\"https:\/\/connect2.booking4med.de\/b4m-patient\/searchStage?customerCodeMapping=630a1ee3e6a5441fb1a87c3dbd18d6d5\" target=\"_blank\" rel=\"noopener\">Zur Online-Terminbuchung<\/a><!-- [et_pb_line_break_holder] --><\/iframe>[\/et_pb_code][\/et_pb_column][\/et_pb_row][\/et_pb_section]<\/p>\n","protected":false},"excerpt":{"rendered":"<p>Online-Terminbuchung f\u00fcr gesetzlich versicherte Patient*innenHinweis \u2013 Achten Sie bitte auf Ihren Versicherungsstatus: Kasse: alle gesetzlichen Krankenkassen (GKV) Privat: Privatversicherte, Selbstzahler (z.B. IGeL) oder BG-F\u00e4lle Wenn Sie einen Termin als Privatpatient, Selbstzahler oder im Rahmen eines BG-Falls online buchen, erfolgt die Abrechnung privat\u00e4rztlich. Dies gilt auch dann, wenn am Untersuchungstag ein kassen\u00e4rztlicher \u00dcberweisungsschein (GKV) vorgelegt wird. Wenn Sie die von Ihnen gew\u00fcnschte Untersuchung nicht finden, kontaktieren Sie uns bitte telefonisch oder \u00fcber das E-Mail Kontaktformular. Praxis Freiburg 0761 \/ 38565-14 per E-Mail Praxis Bad Krozingen 07633 \/ 806919-9 per E-Mail oder via Kontakt-Formular<div class=\"et_pb_module dsm_button dsm_button_0 et_pb_bg_layout_light\">\n\t\t\t\t\n\t\t\t\t\n\t\t\t\t\n\t\t\t\t\n\t\t\t\t\n\t\t\t\t\n\t\t\t\t<div class=\"et_pb_module_inner\">\n\t\t\t\t\t<div class=\"et_pb_button_module_wrappers dsm_button_0_wrapper et_pb_button_alignment_center et_pb_module\">\n\t\t\t\t<a class=\"et_pb_button et_pb_button_one et_pb_bg_layout_light dsm-none \"  href=https:\/\/www.idr-freiburg.de\/content\/kontakt-anmeldung\/#kontaktformular data-dsm-lightbox-id=\"dsm_button_one_lightbox dsm_button_0\"><span>E-Mail Kontaktformular<\/span><\/a><a class=\"et_pb_button et_pb_button_two et_pb_bg_layout_light dsm-none \"  href=https:\/\/www.idr-freiburg.de\/content\/kontakt-anmeldung\/#telefondurchwahl data-dsm-lightbox-id=\"dsm_button_two_lightbox dsm_button_0\"><span>Telefonische Anmeldung<\/span><\/a>\n\t\t\t<\/div>\n\t\t\t\t<\/div>\n\t\t\t<\/div><\/p>\n","protected":false},"author":1,"featured_media":0,"parent":2851,"menu_order":4,"comment_status":"closed","ping_status":"closed","template":"","meta":{"_et_pb_use_builder":"on","_et_pb_old_content":"","_et_gb_content_width":"","footnotes":""},"class_list":["post-230640","page","type-page","status-publish","hentry"],"_links":{"self":[{"href":"https:\/\/www.idr-freiburg.de\/content\/wp-json\/wp\/v2\/pages\/230640","targetHints":{"allow":["GET"]}}],"collection":[{"href":"https:\/\/www.idr-freiburg.de\/content\/wp-json\/wp\/v2\/pages"}],"about":[{"href":"https:\/\/www.idr-freiburg.de\/content\/wp-json\/wp\/v2\/types\/page"}],"author":[{"embeddable":true,"href":"https:\/\/www.idr-freiburg.de\/content\/wp-json\/wp\/v2\/users\/1"}],"replies":[{"embeddable":true,"href":"https:\/\/www.idr-freiburg.de\/content\/wp-json\/wp\/v2\/comments?post=230640"}],"version-history":[{"count":3,"href":"https:\/\/www.idr-freiburg.de\/content\/wp-json\/wp\/v2\/pages\/230640\/revisions"}],"predecessor-version":[{"id":236857,"href":"https:\/\/www.idr-freiburg.de\/content\/wp-json\/wp\/v2\/pages\/230640\/revisions\/236857"}],"up":[{"embeddable":true,"href":"https:\/\/www.idr-freiburg.de\/content\/wp-json\/wp\/v2\/pages\/2851"}],"wp:attachment":[{"href":"https:\/\/www.idr-freiburg.de\/content\/wp-json\/wp\/v2\/media?parent=230640"}],"curies":[{"name":"wp","href":"https:\/\/api.w.org\/{rel}","templated":true}]}}

<p>[et_pb_section fb_built=&#8220;1&#8243; _builder_version=&#8220;4.26.0&#8243; _module_preset=&#8220;default&#8220; use_background_color_gradient=&#8220;on&#8220; background_color_gradient_stops=&#8220;#d8d8d8 0%|rgba(255,255,255,0) 100%&#8220; global_colors_info=&#8220;{}&#8220;][et_pb_row column_structure=&#8220;2_5,3_5&#8243; use_custom_gutter=&#8220;on&#8220; gutter_width=&#8220;2&#8243; _builder_version=&#8220;4.27.0&#8243; _module_preset=&#8220;default&#8220; global_colors_info=&#8220;{}&#8220;][et_pb_column type=&#8220;2_5&#8243; _builder_version=&#8220;4.26.0&#8243; _module_preset=&#8220;default&#8220; global_colors_info=&#8220;{}&#8220;][et_pb_text content_phone=&#8220;</p>
<h2 style=%22text-align: center;%22>Telefonische Sprechzeiten</h2>
<p>&#8220; content_last_edited=&#8220;off|desktop&#8220; admin_label=&#8220;Headline / Online-Terminbuchung&#8220; _builder_version=&#8220;4.27.0&#8243; text_font=&#8220;||||||||&#8220; link_font=&#8220;||||||||&#8220; ul_font=&#8220;||||||||&#8220; ol_font=&#8220;||||||||&#8220; quote_font=&#8220;||||||||&#8220; header_font=&#8220;|||on|||||&#8220; header_text_color=&#8220;#FFFFFF&#8220; header_2_font=&#8220;|600|||||||&#8220; header_2_text_align=&#8220;left&#8220; header_2_text_color=&#8220;#FFFFFF&#8220; header_2_font_size=&#8220;32px&#8220; background_color=&#8220;rgba(102,102,102,0.6)&#8220; background_layout=&#8220;dark&#8220; custom_margin=&#8220;18px||||false|false&#8220; custom_margin_last_edited=&#8220;off|desktop&#8220; custom_padding=&#8220;10px||10px|30px|false|false&#8220; custom_padding_tablet=&#8220;&#8220; custom_padding_phone=&#8220;10px|||20px|false|false&#8220; custom_padding_last_edited=&#8220;on|desktop&#8220; header_2_text_align_tablet=&#8220;&#8220; header_2_text_align_phone=&#8220;&#8220; header_2_text_align_last_edited=&#8220;on|phone&#8220; header_2_font_size_tablet=&#8220;&#8220; header_2_font_size_phone=&#8220;30px&#8220; header_2_font_size_last_edited=&#8220;on|phone&#8220; locked=&#8220;off&#8220; global_colors_info=&#8220;{%22gcid-0ed248c1-eb15-4424-954a-cbcb8467f2ad%22:%91%93,%22gcid-96b88229-da64-4f14-afa5-f3d47a8141ef%22:%91%93}&#8220;]</p>
<h2 style="text-align: left;">Online-Terminbuchung</h2>
<p>für gesetzlich versicherte Patient*innen</p>
<p>[/et_pb_text][et_pb_text _builder_version=&#8220;4.27.5&#8243; _module_preset=&#8220;default&#8220; text_text_color=&#8220;#000000&#8243; text_line_height=&#8220;1.5em&#8220; custom_padding=&#8220;15px||||false|false&#8220; global_colors_info=&#8220;{}&#8220;]</p>
<p><strong>Hinweis – Achten Sie bitte auf Ihren Versicherungsstatus:</strong></p>
<ul>
<li>Kasse: alle gesetzlichen Krankenkassen (GKV)</li>
<li>Privat: Privatversicherte, Selbstzahler (z.B. IGeL) oder BG-Fälle</li>
</ul>
<p>Wenn Sie einen Termin als Privatpatient, Selbstzahler oder im Rahmen eines BG-Falls online buchen, erfolgt die Abrechnung privatärztlich. Dies gilt auch dann, wenn am Untersuchungstag ein kassenärztlicher Überweisungsschein (GKV) vorgelegt wird.</p>
<p>Wenn Sie die von Ihnen gewünschte Untersuchung nicht finden, kontaktieren Sie uns bitte telefonisch oder über das E-Mail Kontaktformular.</p>
<p>[/et_pb_text][et_pb_text disabled_on=&#8220;on|on|on&#8220; admin_label=&#8220;Text / Telefon-Tabelle&#8220; _builder_version=&#8220;4.27.0&#8243; _module_preset=&#8220;default&#8220; text_text_color=&#8220;#000000&#8243; text_line_height=&#8220;1.5em&#8220; header_6_text_color=&#8220;#666666&#8243; header_6_font_size=&#8220;80%&#8220; text_orientation=&#8220;center&#8220; custom_padding=&#8220;5px||||false|false&#8220; disabled=&#8220;on&#8220; global_colors_info=&#8220;{}&#8220;]</p>
<table style="width: 100%; padding: 0px; border: solid 1px #333333;">
<tbody>
<tr>
<td style="padding: 2px;"><b>Praxis Freiburg</b></td>
<td style="padding: 2px;">0761 / 38565-14</td>
<td style="padding: 2px; text-align: right;"><a href="mailto:praxis@idr-freiburg.de">per E-Mail</a></td>
</tr>
<tr>
<td style="padding: 2px;"><b>Praxis Bad Krozingen</b></td>
<td style="padding: 2px;">07633 / 806919-9</td>
<td style="padding: 2px; text-align: right;"><a href="mailto:krozingen@idr-freiburg.de">per E-Mail</a></td>
</tr>
</tbody>
</table>
<p>oder via Kontakt-Formular</p>
<p>[/et_pb_text][et_pb_button button_url=&#8220;https://www.idr-freiburg.de/content/kontakt-anmeldung/#kontaktformular&#8220; button_text=&#8220;E-Mail Kontaktformular&#8220; disabled_on=&#8220;on|on|on&#8220; admin_label=&#8220;Button / Standard-Kontaktformular&#8220; _builder_version=&#8220;4.27.0&#8243; _module_preset=&#8220;default&#8220; disabled=&#8220;on&#8220; global_colors_info=&#8220;{}&#8220;][/et_pb_button][dsm_button button_one_text=&#8220;E-Mail Kontaktformular&#8220; button_one_url=&#8220;https://www.idr-freiburg.de/content/kontakt-anmeldung/#kontaktformular&#8220; button_two_text=&#8220;Telefonische Anmeldung&#8220; button_two_url=&#8220;https://www.idr-freiburg.de/content/kontakt-anmeldung/#telefondurchwahl&#8220; _builder_version=&#8220;4.27.5&#8243; _module_preset=&#8220;default&#8220; global_colors_info=&#8220;{}&#8220;][/dsm_button][/et_pb_column][et_pb_column type=&#8220;3_5&#8243; _builder_version=&#8220;4.26.0&#8243; _module_preset=&#8220;default&#8220; global_colors_info=&#8220;{}&#8220;][et_pb_code admin_label=&#8220;Code Medavis iFrame&#8220; _builder_version=&#8220;4.26.0&#8243; _module_preset=&#8220;default&#8220; global_colors_info=&#8220;{}&#8220;]<iframe loading="lazy" src="https://connect2.booking4med.de/b4m-patient/searchStage?customerCodeMapping=630a1ee3e6a5441fb1a87c3dbd18d6d5" width="100%"  height="650" marginwidth="0" marginheight="0" scrolling="yes" frameborder="0" style="width:100%; height:650px; margin:0; padding:0; border:0; overflow-x:hidden; overflow-y:scroll; max-width:100%;"><!-- [et_pb_line_break_holder] --><!-- Your booking4med patient portal iframe was embedded at 2024-07-03T14:59:05.590600400, version is 7.6.17.4--><!-- [et_pb_line_break_holder] -->Ihre Browser-Software kann diese Seite nicht Korrekt darstellen. <!-- [et_pb_line_break_holder] -->Bitte buchen Sie Ihren Termin unter folgendem Link:<!-- [et_pb_line_break_holder] --><a href="https://connect2.booking4med.de/b4m-patient/searchStage?customerCodeMapping=630a1ee3e6a5441fb1a87c3dbd18d6d5" target="_blank" rel="noopener">Zur Online-Terminbuchung</a><!-- [et_pb_line_break_holder] --></iframe>[/et_pb_code][/et_pb_column][/et_pb_row][/et_pb_section]</p>

<p>Online-Terminbuchung für gesetzlich versicherte Patient*innenHinweis – Achten Sie bitte auf Ihren Versicherungsstatus: Kasse: alle gesetzlichen Krankenkassen (GKV) Privat: Privatversicherte, Selbstzahler (z.B. IGeL) oder BG-Fälle Wenn Sie einen Termin als Privatpatient, Selbstzahler oder im Rahmen eines BG-Falls online buchen, erfolgt die Abrechnung privatärztlich. Dies gilt auch dann, wenn am Untersuchungstag ein kassenärztlicher Überweisungsschein (GKV) vorgelegt wird. Wenn Sie die von Ihnen gewünschte Untersuchung nicht finden, kontaktieren Sie uns bitte telefonisch oder über das E-Mail Kontaktformular. Praxis Freiburg 0761 / 38565-14 per E-Mail Praxis Bad Krozingen 07633 / 806919-9 per E-Mail oder via Kontakt-Formular<div class="et_pb_module dsm_button dsm_button_0 et_pb_bg_layout_light">
				
				
				
				
				
				
				<div class="et_pb_module_inner">
					<div class="et_pb_button_module_wrappers dsm_button_0_wrapper et_pb_button_alignment_center et_pb_module">
				<a class="et_pb_button et_pb_button_one et_pb_bg_layout_light dsm-none "  href=https://www.idr-freiburg.de/content/kontakt-anmeldung/#kontaktformular data-dsm-lightbox-id="dsm_button_one_lightbox dsm_button_0"><span>E-Mail Kontaktformular</span></a><a class="et_pb_button et_pb_button_two et_pb_bg_layout_light dsm-none "  href=https://www.idr-freiburg.de/content/kontakt-anmeldung/#telefondurchwahl data-dsm-lightbox-id="dsm_button_two_lightbox dsm_button_0"><span>Telefonische Anmeldung</span></a>
			</div>
				</div>
			</div></p>
