{"id":227571,"date":"2023-06-26T09:36:07","date_gmt":"2023-06-26T07:36:07","guid":{"rendered":"https:\/\/www.idr-freiburg.de\/content\/?page_id=227571"},"modified":"2023-06-26T11:55:49","modified_gmt":"2023-06-26T09:55:49","slug":"anfahrt-idr-praxis-freiburg","status":"publish","type":"page","link":"https:\/\/www.idr-freiburg.de\/content\/kontakt-anmeldung\/anfahrt-idr-praxis-freiburg\/","title":{"rendered":"Anfahrt IDR Praxis Freiburg"},"content":{"rendered":"<p>[et_pb_section fb_built=&#8220;1&#8243; _builder_version=&#8220;4.16&#8243; _module_preset=&#8220;default&#8220; custom_margin=&#8220;100px||120px||false|false&#8220; custom_margin_tablet=&#8220;80px||100px||false|false&#8220; custom_margin_phone=&#8220;&#8220; custom_margin_last_edited=&#8220;on|desktop&#8220; custom_padding=&#8220;||0px||false|false&#8220; global_colors_info=&#8220;{}&#8220;][et_pb_row column_structure=&#8220;2_5,3_5&#8243; use_custom_gutter=&#8220;on&#8220; gutter_width=&#8220;2&#8243; make_equal=&#8220;on&#8220; _builder_version=&#8220;4.16&#8243; _module_preset=&#8220;default&#8220; width_tablet=&#8220;&#8220; width_phone=&#8220;&#8220; width_last_edited=&#8220;on|desktop&#8220; max_width_tablet=&#8220;&#8220; max_width_phone=&#8220;&#8220; max_width_last_edited=&#8220;on|desktop&#8220; min_height_tablet=&#8220;&#8220; min_height_phone=&#8220;&#8220; min_height_last_edited=&#8220;on|desktop&#8220; height_tablet=&#8220;&#8220; height_phone=&#8220;&#8220; height_last_edited=&#8220;on|desktop&#8220; max_height_tablet=&#8220;&#8220; max_height_phone=&#8220;&#8220; max_height_last_edited=&#8220;on|desktop&#8220; module_alignment_tablet=&#8220;&#8220; module_alignment_phone=&#8220;&#8220; module_alignment_last_edited=&#8220;on|desktop&#8220; border_radii_last_edited=&#8220;off|tablet&#8220; global_colors_info=&#8220;{}&#8220;][et_pb_column type=&#8220;2_5&#8243; _builder_version=&#8220;4.16&#8243; _module_preset=&#8220;default&#8220; border_width_right=&#8220;1px&#8220; border_color_right=&#8220;#D8D8D8&#8243; border_width_right_tablet=&#8220;0px&#8220; border_width_right_phone=&#8220;&#8220; border_width_right_last_edited=&#8220;on|phone&#8220; border_color_right_last_edited=&#8220;off|desktop&#8220; global_colors_info=&#8220;{}&#8220;][et_pb_text disabled_on=&#8220;off|off|off&#8220; admin_label=&#8220;Headline \/ Stellentitel&#8220; _builder_version=&#8220;4.16&#8243; _module_preset=&#8220;default&#8220; custom_margin=&#8220;||0px||false|false&#8220; custom_padding=&#8220;||0px||false|false&#8220; header_font_size_tablet=&#8220;&#8220; header_font_size_phone=&#8220;&#8220; header_font_size_last_edited=&#8220;on|desktop&#8220; global_colors_info=&#8220;{}&#8220;]<\/p>\n<h1>IDR Praxis Freiburg<\/h1>\n<h1><span style=\"color: #999999;\">Gartenstra\u00dfe 28<\/span><br \/><span style=\"color: #999999;\">79098 Freiburg<\/span><\/h1>\n<p>&nbsp;<\/p>\n<p>[\/et_pb_text][et_pb_divider color=&#8220;#D8D8D8&#8243; _builder_version=&#8220;4.16&#8243; _module_preset=&#8220;default&#8220; custom_margin=&#8220;||||false|false&#8220; custom_padding=&#8220;||0px||false|false&#8220; global_colors_info=&#8220;{}&#8220;][\/et_pb_divider][et_pb_text admin_label=&#8220;Text \/ Sie bieten&#8220; _builder_version=&#8220;4.16&#8243; _module_preset=&#8220;default&#8220; text_font=&#8220;||||||||&#8220; text_line_height=&#8220;1.4em&#8220; global_colors_info=&#8220;{}&#8220;]<\/p>\n<p>Unsere Praxis finden Sie im Zentrum Freiburgs,<br \/>in unmittelbarer N\u00e4he zur Kronenbr\u00fccke.<\/p>\n<p>[\/et_pb_text][et_pb_text admin_label=&#8220;Text \/ Sie bieten&#8220; _builder_version=&#8220;4.16&#8243; _module_preset=&#8220;default&#8220; text_font=&#8220;||||||||&#8220; text_line_height=&#8220;1.4em&#8220; global_colors_info=&#8220;{}&#8220;]<\/p>\n<p><span style=\"color: #333333;\"><strong>Parkpl\u00e4tze:<\/strong><\/span><\/p>\n<p><span style=\"color: #333333;\"><strong><\/strong><\/span><\/p>\n<ul>\n<li>\u00d6ffentliche Parkpl\u00e4tze in der Gartenstra\u00dfe<br \/>(gibt es leider nur eine sehr begrenzter Anzahl)<\/li>\n<li>Parkm\u00f6glichkeit besteht in der Schreiberstra\u00dfe<br \/>(beim Ufercaf\u00e9 in etwa 100 m Entfernung)<\/li>\n<li>Parkh\u00e4user gibt es zwei in der Rempartstra\u00dfe<br \/>(in etwa 300 m Entfernung)<\/li>\n<\/ul>\n<p>[\/et_pb_text][et_pb_text admin_label=&#8220;Text \/ Das IDR bietet&#8220; _builder_version=&#8220;4.16&#8243; _module_preset=&#8220;default&#8220; text_font=&#8220;||||||||&#8220; text_line_height=&#8220;1.4em&#8220; global_colors_info=&#8220;{}&#8220;]<\/p>\n<p><span style=\"color: #333333;\"><strong>\u00d6ffentliche Verkehrsmittel:<\/strong><\/span><\/p>\n<p><span style=\"color: #333333;\"><strong><\/strong><\/span><\/p>\n<ul>\n<li>Stra\u00dfenbahnhaltestelle \u201cHolzmarkt\u201d Linien 2 + 3<br \/>(in etwa 250 m Entfernung)<\/li>\n<li>Stra\u00dfenbahnhaltestelle \u201cErbprinzenstra\u00dfe\u201d Linie 5<br \/>(in etwa 200 m Entfernung)<\/li>\n<li>Zum <a href=\"https:\/\/www.vag-freiburg.de\/fahrplan\/netzplaene\" target=\"_blank\" rel=\"noopener\">Liniennetzplan Freiburg<\/a><\/li>\n<\/ul>\n<p>[\/et_pb_text][et_pb_text admin_label=&#8220;Text \/ Sie f\u00fchlen sich angesprochen?&#8220; _builder_version=&#8220;4.16&#8243; _module_preset=&#8220;default&#8220; text_font=&#8220;||||||||&#8220; text_line_height=&#8220;1.4em&#8220; global_colors_info=&#8220;{}&#8220;]<\/p>\n<p><span style=\"color: #000000;\"><strong>Bitte beachten Sie:<\/strong><\/span><\/p>\n<p>Der Einfahrtbereich der Gartenstra\u00dfe 28 muss f\u00fcr Lieferanten und Krankentransporte freigehalten werden, und kann daher nicht von unseren Patienten als Parkfl\u00e4che benutzt werden.<\/p>\n<p>[\/et_pb_text][\/et_pb_column][et_pb_column type=&#8220;3_5&#8243; _builder_version=&#8220;4.16&#8243; _module_preset=&#8220;default&#8220; border_radii_last_edited=&#8220;off|desktop&#8220; border_width_bottom_tablet=&#8220;&#8220; border_width_bottom_phone=&#8220;&#8220; border_width_bottom_last_edited=&#8220;on|tablet&#8220; global_colors_info=&#8220;{}&#8220; border_radii__hover_enabled=&#8220;off|desktop&#8220;][et_pb_code admin_label=&#8220;Code &#8212; OSM iFrame&#8220; _builder_version=&#8220;4.21.0&#8243; _module_preset=&#8220;default&#8220; filter_saturate=&#8220;0%&#8220; filter_saturate_last_edited=&#8220;off|desktop&#8220; locked=&#8220;off&#8220; global_colors_info=&#8220;{}&#8220; filter_saturate__hover_enabled=&#8220;on|hover&#8220; filter_saturate__hover=&#8220;100%&#8220;]<iframe loading=\"lazy\" width=\"100%\" height=\"500\" frameborder=\"0\" scrolling=\"no\" marginheight=\"0\" marginwidth=\"0\" src=\"https:\/\/www.openstreetmap.org\/export\/embed.html?bbox=7.843294143676759%2C47.989831912399495%2C7.84900724887848%2C47.99285118539473&#038;layer=mapnik&#038;marker=47.9913424502033%2C7.846152599999982\" style=\"border: 1px solid black\"><\/iframe><!\u2013- [et_pb_br_holder] -\u2013><small><a href=\"https:\/\/www.openstreetmap.org\/?mlat=47.99134&#038;mlon=7.84615#map=18\/47.99134\/7.84615\" target=\"_blank\" rel=\"noopener\">Gr\u00f6\u00dfere Karte anzeigen<\/a><\/small>[\/et_pb_code][et_pb_button button_url=&#8220;@ET-DC@eyJkeW5hbWljIjp0cnVlLCJjb250ZW50IjoicG9zdF9saW5rX3VybF9wYWdlIiwic2V0dGluZ3MiOnsicG9zdF9pZCI6IjI4NTEifX0=@&#8220; button_text=&#8220;zur\u00fcck zur Anmeldung&#8220; disabled_on=&#8220;off|off|off&#8220; admin_label=&#8220;Button \/ zur\u00fcck zur Anmeldung&#8220; _builder_version=&#8220;4.16&#8243; _dynamic_attributes=&#8220;button_url&#8220; _module_preset=&#8220;default&#8220; custom_button=&#8220;on&#8220; button_text_color=&#8220;#000000&#8243; button_border_width=&#8220;2px&#8220; button_border_color=&#8220;#000000&#8243; button_use_icon=&#8220;off&#8220; custom_margin=&#8220;50px||||false|false&#8220; custom_padding=&#8220;||||false|false&#8220; locked=&#8220;off&#8220; global_colors_info=&#8220;{}&#8220; button_text_color__hover_enabled=&#8220;on|hover&#8220; button_text_color__hover=&#8220;#FFFFFF&#8220; button_bg_color__hover_enabled=&#8220;on|hover&#8220; button_bg_color__hover=&#8220;#014289&#8243; button_bg_enable_color__hover=&#8220;on&#8220; button_border_width__hover_enabled=&#8220;on|hover&#8220; button_border_width__hover=&#8220;2px&#8220; button_border_color__hover_enabled=&#8220;on|desktop&#8220; button_border_color__hover=&#8220;#014289&#8243;][\/et_pb_button][\/et_pb_column][\/et_pb_row][\/et_pb_section]<\/p>\n","protected":false},"excerpt":{"rendered":"<p>IDR Praxis Freiburg Gartenstra\u00dfe 2879098 Freiburg &nbsp;Unsere Praxis finden Sie im Zentrum Freiburgs,in unmittelbarer N\u00e4he zur Kronenbr\u00fccke.Parkpl\u00e4tze: \u00d6ffentliche Parkpl\u00e4tze in der Gartenstra\u00dfe(gibt es leider nur eine sehr begrenzter Anzahl) Parkm\u00f6glichkeit besteht in der Schreiberstra\u00dfe(beim Ufercaf\u00e9 in etwa 100 m Entfernung) Parkh\u00e4user gibt es zwei in der Rempartstra\u00dfe(in etwa 300 m Entfernung) \u00d6ffentliche Verkehrsmittel: Stra\u00dfenbahnhaltestelle \u201cHolzmarkt\u201d Linien 2 + 3(in etwa 250 m Entfernung) Stra\u00dfenbahnhaltestelle \u201cErbprinzenstra\u00dfe\u201d Linie 5(in etwa 200 m Entfernung) Zum Liniennetzplan Freiburg Bitte beachten Sie: Der Einfahrtbereich der Gartenstra\u00dfe 28 muss f\u00fcr Lieferanten und Krankentransporte freigehalten werden, und kann daher nicht von unseren Patienten als Parkfl\u00e4che benutzt werden.<\/p>\n","protected":false},"author":2,"featured_media":0,"parent":2851,"menu_order":0,"comment_status":"closed","ping_status":"closed","template":"","meta":{"_et_pb_use_builder":"on","_et_pb_old_content":"","_et_gb_content_width":"","footnotes":""},"class_list":["post-227571","page","type-page","status-publish","hentry"],"_links":{"self":[{"href":"https:\/\/www.idr-freiburg.de\/content\/wp-json\/wp\/v2\/pages\/227571","targetHints":{"allow":["GET"]}}],"collection":[{"href":"https:\/\/www.idr-freiburg.de\/content\/wp-json\/wp\/v2\/pages"}],"about":[{"href":"https:\/\/www.idr-freiburg.de\/content\/wp-json\/wp\/v2\/types\/page"}],"author":[{"embeddable":true,"href":"https:\/\/www.idr-freiburg.de\/content\/wp-json\/wp\/v2\/users\/2"}],"replies":[{"embeddable":true,"href":"https:\/\/www.idr-freiburg.de\/content\/wp-json\/wp\/v2\/comments?post=227571"}],"version-history":[{"count":0,"href":"https:\/\/www.idr-freiburg.de\/content\/wp-json\/wp\/v2\/pages\/227571\/revisions"}],"up":[{"embeddable":true,"href":"https:\/\/www.idr-freiburg.de\/content\/wp-json\/wp\/v2\/pages\/2851"}],"wp:attachment":[{"href":"https:\/\/www.idr-freiburg.de\/content\/wp-json\/wp\/v2\/media?parent=227571"}],"curies":[{"name":"wp","href":"https:\/\/api.w.org\/{rel}","templated":true}]}}

<p>[et_pb_section fb_built=&#8220;1&#8243; _builder_version=&#8220;4.16&#8243; _module_preset=&#8220;default&#8220; custom_margin=&#8220;100px||120px||false|false&#8220; custom_margin_tablet=&#8220;80px||100px||false|false&#8220; custom_margin_phone=&#8220;&#8220; custom_margin_last_edited=&#8220;on|desktop&#8220; custom_padding=&#8220;||0px||false|false&#8220; global_colors_info=&#8220;{}&#8220;][et_pb_row column_structure=&#8220;2_5,3_5&#8243; use_custom_gutter=&#8220;on&#8220; gutter_width=&#8220;2&#8243; make_equal=&#8220;on&#8220; _builder_version=&#8220;4.16&#8243; _module_preset=&#8220;default&#8220; width_tablet=&#8220;&#8220; width_phone=&#8220;&#8220; width_last_edited=&#8220;on|desktop&#8220; max_width_tablet=&#8220;&#8220; max_width_phone=&#8220;&#8220; max_width_last_edited=&#8220;on|desktop&#8220; min_height_tablet=&#8220;&#8220; min_height_phone=&#8220;&#8220; min_height_last_edited=&#8220;on|desktop&#8220; height_tablet=&#8220;&#8220; height_phone=&#8220;&#8220; height_last_edited=&#8220;on|desktop&#8220; max_height_tablet=&#8220;&#8220; max_height_phone=&#8220;&#8220; max_height_last_edited=&#8220;on|desktop&#8220; module_alignment_tablet=&#8220;&#8220; module_alignment_phone=&#8220;&#8220; module_alignment_last_edited=&#8220;on|desktop&#8220; border_radii_last_edited=&#8220;off|tablet&#8220; global_colors_info=&#8220;{}&#8220;][et_pb_column type=&#8220;2_5&#8243; _builder_version=&#8220;4.16&#8243; _module_preset=&#8220;default&#8220; border_width_right=&#8220;1px&#8220; border_color_right=&#8220;#D8D8D8&#8243; border_width_right_tablet=&#8220;0px&#8220; border_width_right_phone=&#8220;&#8220; border_width_right_last_edited=&#8220;on|phone&#8220; border_color_right_last_edited=&#8220;off|desktop&#8220; global_colors_info=&#8220;{}&#8220;][et_pb_text disabled_on=&#8220;off|off|off&#8220; admin_label=&#8220;Headline / Stellentitel&#8220; _builder_version=&#8220;4.16&#8243; _module_preset=&#8220;default&#8220; custom_margin=&#8220;||0px||false|false&#8220; custom_padding=&#8220;||0px||false|false&#8220; header_font_size_tablet=&#8220;&#8220; header_font_size_phone=&#8220;&#8220; header_font_size_last_edited=&#8220;on|desktop&#8220; global_colors_info=&#8220;{}&#8220;]</p>
<h1>IDR Praxis Freiburg</h1>
<h1><span style="color: #999999;">Gartenstraße 28</span><br /><span style="color: #999999;">79098 Freiburg</span></h1>
<p>&nbsp;</p>
<p>[/et_pb_text][et_pb_divider color=&#8220;#D8D8D8&#8243; _builder_version=&#8220;4.16&#8243; _module_preset=&#8220;default&#8220; custom_margin=&#8220;||||false|false&#8220; custom_padding=&#8220;||0px||false|false&#8220; global_colors_info=&#8220;{}&#8220;][/et_pb_divider][et_pb_text admin_label=&#8220;Text / Sie bieten&#8220; _builder_version=&#8220;4.16&#8243; _module_preset=&#8220;default&#8220; text_font=&#8220;||||||||&#8220; text_line_height=&#8220;1.4em&#8220; global_colors_info=&#8220;{}&#8220;]</p>
<p>Unsere Praxis finden Sie im Zentrum Freiburgs,<br />in unmittelbarer Nähe zur Kronenbrücke.</p>
<p>[/et_pb_text][et_pb_text admin_label=&#8220;Text / Sie bieten&#8220; _builder_version=&#8220;4.16&#8243; _module_preset=&#8220;default&#8220; text_font=&#8220;||||||||&#8220; text_line_height=&#8220;1.4em&#8220; global_colors_info=&#8220;{}&#8220;]</p>
<p><span style="color: #333333;"><strong>Parkplätze:</strong></span></p>
<p><span style="color: #333333;"><strong></strong></span></p>
<ul>
<li>Öffentliche Parkplätze in der Gartenstraße<br />(gibt es leider nur eine sehr begrenzter Anzahl)</li>
<li>Parkmöglichkeit besteht in der Schreiberstraße<br />(beim Ufercafé in etwa 100 m Entfernung)</li>
<li>Parkhäuser gibt es zwei in der Rempartstraße<br />(in etwa 300 m Entfernung)</li>
</ul>
<p>[/et_pb_text][et_pb_text admin_label=&#8220;Text / Das IDR bietet&#8220; _builder_version=&#8220;4.16&#8243; _module_preset=&#8220;default&#8220; text_font=&#8220;||||||||&#8220; text_line_height=&#8220;1.4em&#8220; global_colors_info=&#8220;{}&#8220;]</p>
<p><span style="color: #333333;"><strong>Öffentliche Verkehrsmittel:</strong></span></p>
<p><span style="color: #333333;"><strong></strong></span></p>
<ul>
<li>Straßenbahnhaltestelle “Holzmarkt” Linien 2 + 3<br />(in etwa 250 m Entfernung)</li>
<li>Straßenbahnhaltestelle “Erbprinzenstraße” Linie 5<br />(in etwa 200 m Entfernung)</li>
<li>Zum <a href="https://www.vag-freiburg.de/fahrplan/netzplaene" target="_blank" rel="noopener">Liniennetzplan Freiburg</a></li>
</ul>
<p>[/et_pb_text][et_pb_text admin_label=&#8220;Text / Sie fühlen sich angesprochen?&#8220; _builder_version=&#8220;4.16&#8243; _module_preset=&#8220;default&#8220; text_font=&#8220;||||||||&#8220; text_line_height=&#8220;1.4em&#8220; global_colors_info=&#8220;{}&#8220;]</p>
<p><span style="color: #000000;"><strong>Bitte beachten Sie:</strong></span></p>
<p>Der Einfahrtbereich der Gartenstraße 28 muss für Lieferanten und Krankentransporte freigehalten werden, und kann daher nicht von unseren Patienten als Parkfläche benutzt werden.</p>
<p>[/et_pb_text][/et_pb_column][et_pb_column type=&#8220;3_5&#8243; _builder_version=&#8220;4.16&#8243; _module_preset=&#8220;default&#8220; border_radii_last_edited=&#8220;off|desktop&#8220; border_width_bottom_tablet=&#8220;&#8220; border_width_bottom_phone=&#8220;&#8220; border_width_bottom_last_edited=&#8220;on|tablet&#8220; global_colors_info=&#8220;{}&#8220; border_radii__hover_enabled=&#8220;off|desktop&#8220;][et_pb_code admin_label=&#8220;Code &#8212; OSM iFrame&#8220; _builder_version=&#8220;4.21.0&#8243; _module_preset=&#8220;default&#8220; filter_saturate=&#8220;0%&#8220; filter_saturate_last_edited=&#8220;off|desktop&#8220; locked=&#8220;off&#8220; global_colors_info=&#8220;{}&#8220; filter_saturate__hover_enabled=&#8220;on|hover&#8220; filter_saturate__hover=&#8220;100%&#8220;]<iframe loading="lazy" width="100%" height="500" frameborder="0" scrolling="no" marginheight="0" marginwidth="0" src="https://www.openstreetmap.org/export/embed.html?bbox=7.843294143676759%2C47.989831912399495%2C7.84900724887848%2C47.99285118539473&#038;layer=mapnik&#038;marker=47.9913424502033%2C7.846152599999982" style="border: 1px solid black"></iframe><!–- [et_pb_br_holder] -–><small><a href="https://www.openstreetmap.org/?mlat=47.99134&#038;mlon=7.84615#map=18/47.99134/7.84615" target="_blank" rel="noopener">Größere Karte anzeigen</a></small>[/et_pb_code][et_pb_button button_url=&#8220;@ET-DC@eyJkeW5hbWljIjp0cnVlLCJjb250ZW50IjoicG9zdF9saW5rX3VybF9wYWdlIiwic2V0dGluZ3MiOnsicG9zdF9pZCI6IjI4NTEifX0=@&#8220; button_text=&#8220;zurück zur Anmeldung&#8220; disabled_on=&#8220;off|off|off&#8220; admin_label=&#8220;Button / zurück zur Anmeldung&#8220; _builder_version=&#8220;4.16&#8243; _dynamic_attributes=&#8220;button_url&#8220; _module_preset=&#8220;default&#8220; custom_button=&#8220;on&#8220; button_text_color=&#8220;#000000&#8243; button_border_width=&#8220;2px&#8220; button_border_color=&#8220;#000000&#8243; button_use_icon=&#8220;off&#8220; custom_margin=&#8220;50px||||false|false&#8220; custom_padding=&#8220;||||false|false&#8220; locked=&#8220;off&#8220; global_colors_info=&#8220;{}&#8220; button_text_color__hover_enabled=&#8220;on|hover&#8220; button_text_color__hover=&#8220;#FFFFFF&#8220; button_bg_color__hover_enabled=&#8220;on|hover&#8220; button_bg_color__hover=&#8220;#014289&#8243; button_bg_enable_color__hover=&#8220;on&#8220; button_border_width__hover_enabled=&#8220;on|hover&#8220; button_border_width__hover=&#8220;2px&#8220; button_border_color__hover_enabled=&#8220;on|desktop&#8220; button_border_color__hover=&#8220;#014289&#8243;][/et_pb_button][/et_pb_column][/et_pb_row][/et_pb_section]</p>

<p>IDR Praxis Freiburg Gartenstraße 2879098 Freiburg &nbsp;Unsere Praxis finden Sie im Zentrum Freiburgs,in unmittelbarer Nähe zur Kronenbrücke.Parkplätze: Öffentliche Parkplätze in der Gartenstraße(gibt es leider nur eine sehr begrenzter Anzahl) Parkmöglichkeit besteht in der Schreiberstraße(beim Ufercafé in etwa 100 m Entfernung) Parkhäuser gibt es zwei in der Rempartstraße(in etwa 300 m Entfernung) Öffentliche Verkehrsmittel: Straßenbahnhaltestelle “Holzmarkt” Linien 2 + 3(in etwa 250 m Entfernung) Straßenbahnhaltestelle “Erbprinzenstraße” Linie 5(in etwa 200 m Entfernung) Zum Liniennetzplan Freiburg Bitte beachten Sie: Der Einfahrtbereich der Gartenstraße 28 muss für Lieferanten und Krankentransporte freigehalten werden, und kann daher nicht von unseren Patienten als Parkfläche benutzt werden.</p>
